z + 3 = -n. Does 7 divide x(n)?
True
Let f(x) = 3*x**3 - 45*x**2 + 19*x - 149. Is f(15) a multiple of 8?
True
Is 6 a factor of (12/(-7))/((-46)/2737)?
True
Let v(i) = -1 - 3 + 11 + 57*i**3 - 11 + 3. Let a = 3 + -2. Is 15 a factor of v(a)?
False
Suppose 8*p - 7*p - 2 = 0. Suppose -4*m + 3*i = -363, i + 3*i - 154 = -p*m. Is m a multiple of 13?
False
Suppose -53106 = -12*y - 14514. Is 48 a factor of y?
True
Suppose 3*g = -l + 8*g + 57, 4*g = 2*l - 90. Does 17 divide l?
False
Suppose 4*t - 3*b = 957, -6*b + 15 = -3*b. Does 27 divide t?
True
Let c(o) be the first derivative of o**2/2 + o + 6. Let a be c(4). Suppose -3*u = a*i - 2*u - 159, 5*i - u - 161 = 0. Is i a multiple of 8?
True
Let w = 52 + -60. Let q = 64 - w. Does 8 divide q?
True
Suppose 0*s = -2*s - 16. Let z be s/(-20) + 568/5. Suppose 0 = -3*d + 5*d - z. Is d a multiple of 19?
True
Suppose 51*m - 10*m - 61131 = 0. Is m a multiple of 96?
False
Let q = 669 + -444. Is q a multiple of 15?
True
Let s(i) = 0 - i - 2 + 2*i**2 + 5*i. Let c = -80 + 76. Does 14 divide s(c)?
True
Let z be -13 + (-4 - 1/(-1)). Does 19 divide (52/(-3))/(z/24)?
False
Let j = 730 - -830. Is j a multiple of 78?
True
Suppose z - 4 + 1 = 0. Suppose 0 = -6*u + z*u + 126. Is 14 a factor of u?
True
Suppose 0 = 6*a - 4*a - f - 2, 4*a - f = 8. Suppose a*q + 4*t = q + 166, -4*t = -5*q + 429. Is 24 a factor of q?
False
Suppose 0 = 4*c - 3*c - 2, 2*c = -5*r - 6. Let n(v) = 2*v**2 + 2*v. Is n(r) a multiple of 3?
False
Suppose -3*q + 6 = 0, q - 170 = n - 3*n. Suppose 2*r - 5*j = 70, 0 = 4*r - j + 5*j - n. Does 25 divide r?
True
Let m(l) = -9*l**3 + 2*l**2 + 2*l**2 + 5*l**2 + 10 + 8*l**3. Let x be (-61)/(-7) - 2/(-7). Is m(x) a multiple of 3?
False
Let q(p) = -p**2 + 10*p - 7. Let b = -51 + 55. Does 17 divide q(b)?
True
Let s be (-10)/(-45) + 388/36. Suppose 0 = s*j - 12*j + 29. Does 4 divide j?
False
Suppose w = -5*y - 29, 3*w = 4*y + 8 - 0. Let i(q) = -44*q - 2. Is 52 a factor of i(y)?
False
Let w(p) = -2*p + 8. Suppose -12 = 3*j + 3*k + 3, 3*k + 3 = -j. Let u be w(j). Suppose 3*c - 20 = f, -u = -0*f + 4*f. Does 2 divide c?
False
Let o(r) = 3*r**3 + r + 1. Let d be o(2). Suppose -d - 27 = -y. Is 19 a factor of y?
False
Let j = 7 + -6. Let f be (-1 + j)/(-4 + 3). Suppose 36 = 2*s - f*s. Does 12 divide s?
False
Let f(o) be the first derivative of -o**2/2 - 9*o - 5. Let y be f(-9). Suppose y*m = -m + 23. Is m a multiple of 23?
True
Let s(w) = w**3 - 4*w**2 + 6*w - 6. Let g be 7 - (-1 - 3 - -7). Is s(g) a multiple of 8?
False
Suppose -b = 2*b + s - 1, 5*s = -25. Suppose 0 = 6*t - t - 5*l - 135, 0 = -b*t + 4*l + 44. Is 8 a factor of t?
True
Let r = 22 + -19. Suppose r*o = 5 - 11. Let m(w) = -w**3 - w**2 - w + 2. Is m(o) even?
True
Suppose -13 = 3*q - 5*x - 75, -3*x + 54 = 2*q. Let t = 51 - q. Is (t/2)/((-7)/(-28)) a multiple of 9?
True
Suppose -15*l + 1387 = 3*m - 13*l, 4*m - l = 1831. Is 19 a factor of m?
False
Suppose -14*d + 10*d - 1596 = 0. Let t = d - -586. Is 17 a factor of t?
True
Suppose 0 = 4*s, 2*h = -0*s - 4*s - 820. Let w be h/(-18) - 4/(-18). Suppose -5*g + w + 2 = 0. Does 5 divide g?
True
Is 12 a factor of 21/(-2)*(-3072)/48?
True
Does 4 divide ((-432)/30)/((16/(-20))/2)?
True
Let u(w) = -8*w**3 - 23*w**2 - 4*w + 29. Let z(v) = 3*v**3 + 8*v**2 + v - 10. Let i(a) = 4*u(a) + 11*z(a). Does 6 divide i(6)?
True
Suppose -d + 5*h = -202, -5*d + 944 = -3*h - 0*h. Suppose -5*s - 3*f + 206 = 0, 4*s = 3*f + 2*f + d. Is 20 a factor of 9/(-2 + s/20)?
True
Suppose 4 = l - 1, g - 4*l - 50 = 0. Suppose -3*p + 7 = -2. Suppose 5*r - g = -4*k + 207, -p*k + 209 = 4*r. Is k a multiple of 15?
False
Let y be (-17)/(4/(-4 - -16)). Let r = y + 133. Does 19 divide r?
False
Let a(g) = g**2 + 5*g - 1. Let q be a(-6). Suppose 329 = q*i - 546. Is i a multiple of 35?
True
Let i be -2 + ((-6)/(-1) - 2). Suppose 0 = i*x + 2 - 14. Is x a multiple of 4?
False
Let k = 115 + -61. Let w = -110 + 87. Let a = w + k. Does 8 divide a?
False
Suppose w + 24 = -3*w. Let y = w + -8. Is (-318)/y - (-4)/14 a multiple of 23?
True
Let i(c) = 11*c**3 + 3*c**2 - 12*c + 4. Does 31 divide i(2)?
False
Suppose -6*i + 1053 = 7*i. Is i a multiple of 7?
False
Let c(b) = b**2 + 5*b - 1. Let m be c(-6). Suppose m*x = -5*n - 30, -5*x - 18 - 4 = 3*n. Is 12 a factor of 224/6 - n/(-12)?
False
Let f be (2 + 0 + -2)/2. Suppose -2*u + 5*a = -f*u - 57, 5*u - 96 = -3*a. Is u a multiple of 13?
False
Suppose 4 = -f + 6. Does 3 divide (-8575)/(-315) - (4/9)/f?
True
Suppose 11*c + 897 = 3207. Is c a multiple of 21?
True
Suppose -12*a - 565 = -1885. Does 11 divide a?
True
Suppose -5*v = q - 11376, -q - 9095 = -4*v + 4*q. Does 35 divide v?
True
Let o(t) = 271*t + 68. Is 19 a factor of o(13)?
True
Suppose 0 = 12*g - 3218 + 998. Let b = -113 + g. Is b a multiple of 12?
True
Let g = -536 - -2834. Is g a multiple of 60?
False
Does 3 divide (-27)/(((-1)/(-1))/(-3))?
True
Let s = 131 - -198. Suppose -2*t + s = 5*t. Is t a multiple of 5?
False
Let y = -90 - -86. Let r = 101 - y. Is 21 a factor of r?
True
Suppose -73440 = -75*w + 39*w. Is w a multiple of 34?
True
Suppose 4*i = -2*d + 4, 4*d = 3*i - 2*i + 17. Let z be 24/(-36) - (2 - 29/3). Let l = i + z. Does 6 divide l?
True
Suppose -776 = -2*a + j, -3*j - 2*j + 1190 = 3*a. Is a a multiple of 33?
False
Let w(x) = 42*x + 13. Let h be w(6). Let o = h + -166. Does 11 divide o?
True
Let d = -9 + 9. Let l be (d - 2) + -2 + 4. Suppose -k - g + 63 = 4*k, l = 4*k + 3*g - 46. Is 13 a factor of k?
True
Let f = -3 + 8. Let k = 107 + f. Is k a multiple of 28?
True
Let o be (390/(-52))/((-6)/92). Let p = 160 - o. Is 14 a factor of p?
False
Let r = 284 + -223. Is r even?
False
Let q = -12 + 13. Let y(z) = 5 - 15*z - q + 0 + 4. Does 17 divide y(-4)?
True
Suppose 7*d + 12 = 985. Is d a multiple of 5?
False
Let w = -326 - -208. Let y = w + -44. Is y/(-5) + (-6)/(-10) a multiple of 11?
True
Let b = 1132 - 175. Is b a multiple of 87?
True
Is 9 a factor of ((-21)/1)/(1/21*-1)?
True
Let h(l) = 8*l**3 + 83*l**2 - 81*l**2 + 8*l**3. Let y be h(2). Suppose o = -3*o + y. Does 10 divide o?
False
Suppose u - 156 = -5*t, 2*u = -4*t + 3*t + 24. Let a = 47 - t. Suppose 71 - a = 4*o. Is o a multiple of 6?
False
Let r(k) be the first derivative of k**4/4 + 6*k**3 + 15*k**2/2 + 11*k - 5. Let f be 153/18*4/(-2). Is r(f) a multiple of 15?
True
Let f(s) = -3*s + 53. Let g be f(16). Is (-288)/(-15) - 1/g a multiple of 4?
False
Let h be 2838/48 + 2/(-16). Suppose -98 = 57*f - h*f. Is 49 a factor of f?
True
Let u(o) = -o + 7. Let s be u(7). Suppose 2*q + 251 = 4*l - 3*q, s = -2*l + 5*q + 123. Suppose -7*c = 2*j - 3*c - l, 0 = -5*j + c + 160. Is 16 a factor of j?
True
Suppose -23 = 11*o - 10*o. Let u = o - -25. Suppose 0 = u*n - 12. Is 3 a factor of n?
True
Suppose -2 = -0*n - 2*n. Let x(k) = 100*k + 1. Let s be x(n). Suppose -s - 155 = -4*o. Does 16 divide o?
True
Let j = 1446 - -885. Is j a multiple of 21?
True
Let u(b) = b + 2. Let i be u(6). Suppose -i*s = -2*s - 192. Is 9 a factor of s?
False
Let n(d) = 7*d - 14 + 2*d + 27*d**2 + 2*d - 24*d**2. Is 25 a factor of n(5)?
False
Let s be 6*(9/6 + -3). Let c = s - -66. Does 11 divide c?
False
Suppose -4*g + 3 = 3*v - 25, -3*v + 3*g + 42 = 0. Suppose 0 = 2*x - v + 6. Suppose -f = -68 + x. Is 22 a factor of f?
False
Let c(f) = -f + 21. Let o be c(0). Let q = 40 - o. Is q a multiple of 3?
False
Suppose 6*p + 13 = 5*s + 3*p, 0 = 5*s + p - 29. Suppose 4*h = -3*k + 440, s*h - 4*k - 523 = -k. Is 20 a factor of h?
False
Let o(t) = -48*t**3 - t**2. Let l be o(-1). Let c be 2*((-335)/(-10) - -1). Let i = c - l. Does 8 divide i?
False
Let d = 790 - 580. Is 14 a factor of d?
True
Let o be (-6)/4 - 1034/(-4). Let i = o - 487. Is -2 + 2 - i/5 a multiple of 23?
True
Let k = 14441 + -4411. Does 9 divide k/110 + 2/(-11)?
False
Let b(z) = z**3 + z + 1. Let l(w) = -12*w**3 - 5*w - 7. Let c(v) = v**2 + 9*v + 1. Let u be c(-9). Let s(k) = u*l(k) + 5*b(k). Is s(-2) a multiple of 10?
False
Let s(q) = 65*q - 428. Does 9 divide s(14)?
False
Let n = -564 + 335. Let l = -62 - n. Is 43 a factor of l?
False
Suppose 4*r + 885 = 3461. Does 14 divide r?
True
Let y(n) = -52*n. Let z be y(-2). Let a = -54 + z. Suppose 0 = -2*r - 0*r - 4*u + a, 0 = -3*r + u + 75. Is 11 a factor of r?
False
Suppose -30*d + 26*d = 2*o - 2824, -16 = -4*o. Is d a multiple of 14?
False
Let m be